45. Is n a prime number?
False
Let h(v) = v**2 - 15*v + 19. Let t(z) = 2*z**2 + 8*z + 15. Let k(d) = -d**2 - 4*d - 7. Let s(u) = 7*k(u) + 4*t(u). Let n be s(-5). Is h(n) composite?
True
Let t = -185 - -185. Suppose x + 2*a - 4428 - 917 = t, 5*a - 26740 = -5*x. Is x a composite number?
False
Suppose p = -3*v + 575902, 153*v - 156*v + 575888 = -p. Is v prime?
False
Let v be (21/3)/(-7)*3574. Let k = v - -38847. Is k prime?
False
Let b = -4074 - 3115. Let d = b - -10776. Is d composite?
True
Let o = 148960 + -86063. Is o a composite number?
False
Is (0 + 681038/8)/(1900/7600) a composite number?
False
Suppose -1782*w + 1804*w = 2926. Is w a composite number?
True
Let v(h) = -4537*h + 76. Let n = 880 - 886. Is v(n) a composite number?
True
Let i(r) = r**3 - 7*r**2 + 2*r - 10. Let c be i(7). Suppose -3*p + 35590 = -p - 3*v, c*p + 3*v - 71216 = 0. Suppose 3871 = -10*h + p. Is h a prime number?
False
Suppose -28*j + 24*j + 64 = 0. Let a(h) = h**3 - 8*h**2 - 23*h + 29. Is a(j) a prime number?
True
Suppose 5*b - 2*m + m = 464359, m - 6 = 0. Is b a prime number?
False
Let y = -19 + 24. Suppose -5*p - 3*b + 20 = 0, -y*p + 3*b + 21 = 1. Is p + -1 - -809 - 6/(-2) prime?
False
Let p be 784/6*(-21)/(-28). Suppose 89*o = p*o - 56799. Is o a prime number?
True
Suppose 44*b - 16*b - 1438556 = 0. Suppose -6*t + b = -27925. Is t prime?
True
Let d(x) = -x**3 + 12*x**2 + 15*x - 18. Let r be d(13). Suppose r*z = 6*z + 14. Suppose -4445 = -14*p + z*p. Is p prime?
False
Suppose y + 1262 = -3*p, -2*y - 323 + 1167 = -2*p. Let i = 1078 - p. Is i composite?
False
Suppose 2*w + 3*p = 6*p + 17117, w = 4*p + 8551. Is w a composite number?
False
Let b = 98796 - 60203. Is b composite?
False
Suppose -13739*w + 13763*w = 47064. Is w a composite number?
True
Let k = -647 + 1007. Suppose j = -q - 44 + 117, -5*q + k = 4*j. Let v = 54 + q. Is v a prime number?
False
Is 123868 - ((-2)/(-5)*1)/((-112)/(-560)) prime?
False
Suppose 0 = -2*r - 2*m, -18*r + 22*r + 3*m + 2 = 0. Suppose 0 = -0*t - t + 1. Is r - (t + -255 + 1) a composite number?
False
Let a(n) = 104*n**2 + 7*n - 6. Let q(z) be the first derivative of -311*z**3/3 - 10*z**2 + 17*z - 10. Let m(j) = -8*a(j) - 3*q(j). Is m(2) a composite number?
False
Let a(f) = 4834*f - 6886. Is a(6) composite?
True
Let t = -14072 + 584. Let y = -7025 - t. Is y prime?
False
Let f(p) = 2*p + 12. Let t be f(-6). Suppose t = 14*u - 5*u - 164367. Is u composite?
True
Let i be 268/(33/6 + -5). Suppose 148*t + i = 156*t. Is t a composite number?
False
Suppose 0 = m - l - 136037, 0*m - 544136 = -4*m + 2*l. Is m composite?
True
Let t(n) be the second derivative of n**5/20 + n**4/6 - 3*n**3/2 - n**2/2 + 23*n. Let k be t(-4). Suppose k*v - 6*v = -1353. Is v a prime number?
False
Let h = -63 + 90. Let x = h + -25. Suppose 0 = -4*i + x*g - 2432 + 9082, 0 = 3*i + 5*g - 4968. Is i composite?
True
Let o(z) = z**3 - 15*z**2 - 19*z - 45. Let y = 25 + 2. Let n be o(y). Let r = n - 5191. Is r a prime number?
True
Let c(j) = 79*j**2 + 45*j + 8. Let v be c(-13). Suppose -7*h + v + 34833 = 0. Is h a prime number?
False
Let k(u) = 2*u**2 + 33*u + 15. Let t(a) = 2*a**2 + 8*a + 4. Suppose 4*p = y - 23, 2*y - 3*y = p + 2. Let g be t(p). Is k(g) a composite number?
True
Let s(u) = 3140*u - 3. Is s(7) a composite number?
False
Let u be ((-14)/(-21))/((-2)/(-6)). Suppose u*k = 4222 + 3576. Is k a composite number?
True
Suppose 20*v = 7*v - 2*v + 216015. Is v a prime number?
True
Let n be (-2 - 280/(-130)) + (-71522)/(-26). Let d = -1492 + n. Is d composite?
False
Let a = 8 - 6. Suppose -289 = 3*k - j, -7*j = -4*k - a*j - 378. Let z = 36 - k. Is z a composite number?
True
Suppose 4*m - 13 = -5*u + 24, 5*m - 3*u - 37 = 0. Suppose -3*a - 15 = -m*a. Suppose a*d + 5*i - 263 = 2171, 0 = -4*i + 20. Is d a prime number?
False
Let o = 469 - 474. Let z(y) = -214*y**3 - 3*y**2 - 47*y - 5. Is z(o) composite?
True
Is (-12538)/(-4)*(0 + -2)*(-55)/5 prime?
False
Suppose -5960 = -104*p + 99*p. Let n = p - 521. Is n a composite number?
True
Let f(h) = 88*h**2 + 4*h + 14. Let t(w) = -2*w**3 - 43*w**2 - 21*w - 6. Let a be t(-21). Is f(a) composite?
True
Let b(r) be the third derivative of 571*r**4/24 - 61*r**3/6 + 58*r**2. Is b(6) prime?
False
Suppose 855*q - 125136 = 852*q - 3*v, 208623 = 5*q - 4*v. Is q composite?
False
Let r(g) be the third derivative of g**6/20 + 11*g**5/60 - 3*g**4/4 + 41*g**3/6 + 3*g**2 + g. Is r(12) composite?
False
Let h = 455 + 1067. Let v be h/2*(10/5 - 3). Let t = v + 2296. Is t prime?
False
Let y = 4081 - -1188. Suppose -3*w - y = -c - w, 5*c = 2*w + 26361. Is c a prime number?
True
Let m be 1*2 - (5 - 3). Suppose m = h + 3*h. Suppose -5*f + 2*y + 2919 = 0, 4*f + y - 2527 + 197 = h. Is f prime?
False
Suppose 5550949 = -15*r + 34*r + 22*r. Is r a composite number?
False
Suppose x - 9 = -7*v + 3*v, -x + 3*v + 9 = 0. Suppose 4*c + x*c = 3874. Suppose 63*k = 61*k + c. Is k a composite number?
False
Let o = -108929 - -223486. Is o prime?
False
Let v(y) = 840*y + 11. Suppose -667 + 197 = 5*q. Let o = 96 + q. Is v(o) a composite number?
True
Suppose 3*t - 5*s = 215071 + 107186, -3*t = 9*s - 322257. Is t a composite number?
True
Let z = -122 + -63. Let v be (-23 - 0/1)*z. Suppose 3*q = -0*u + 5*u + 2553, -3*u + v = 5*q. Is q composite?
True
Let i(p) = p**2 + 5*p - 9. Let g(h) = -h + 1. Let a be g(6). Let n be i(a). Let x(l) = -4*l**3 - 10*l**2 - 9*l + 4. Is x(n) prime?
False
Let z(i) = -11*i + 16. Let q(n) = 55*n - 81. Let d(r) = -2*q(r) - 11*z(r). Let k be d(5). Suppose 58 = h + h - 5*g, -3*h - 4*g = -k. Is h prime?
True
Is 10105851/28 + (-6)/8 + (-3)/(-6) composite?
True
Let m be -3*1/(-6)*(3 + 1). Let y = 100 + m. Suppose 3*p - y - 37 = v, 4*p - 194 = -3*v. Is p a prime number?
True
Suppose 2*c = -2*u + u + 37, 0 = 4*c + 4*u - 84. Let r be -4*(9/(-48))/(4/c). Suppose -n - n - 1347 = -r*f, n = -f + 454. Is f prime?
False
Let i be 0 - (-2)/((-7)/7). Is (1 - (-219)/(-2))*i prime?
False
Is 9/(-441)*21 - 1334108/(-14) prime?
False
Let h(c) = 6514*c + 795. Is h(31) prime?
True
Let k(o) = -o**2 - 18*o - 209. Let r be k(-55). Let g = -166 - r. Is g prime?
False
Let v(g) = g + 17. Suppose 8 = -3*j + 2*d - 16, 2*j + 3*d + 29 = 0. Let a be v(j). Suppose 2*k + 2*h = a*k - 627, 3*k + 4*h = 397. Is k a prime number?
True
Let j be (-26298)/10 - (-12)/(-10). Is (128/(-240) - 1/(-5))*j composite?
False
Let m(d) = -d**3 - 25*d**2 - 115*d - 172. Is m(-27) prime?
True
Let m(k) = -328*k + 55. Let s(a) = -3*a - 89. Let n be s(-25). Is m(n) prime?
False
Let w(j) = -1523*j + 304. Let p be w(-5). Let f(x) = -3*x**3 - x**2 + 1. Let q be f(-1). Suppose q*z = -1973 + p. Is z a composite number?
True
Let b = 16414 + 77373. Is b prime?
True
Let i(w) = 1744*w**2 + 4*w - 3. Let b be (26/104)/(1/4). Is i(b) composite?
True
Let x be (4/(-2) + 8033)*4/12. Let j = x - 928. Suppose 9*i - j = 150. Is i prime?
True
Let f = 83296 + -40707. Is f a prime number?
True
Suppose -2*p - 2*k - 2 = 2, 11 = 2*p - k. Let l(u) = 247*u - 401. Let g be l(7). Suppose -p*f - 5*f = -g. Is f prime?
False
Let t(v) = v**2 + 10*v - 17. Let x be t(-17). Suppose 7*b - x = -32. Is (b/15)/((-5)/(6330/(-4))) prime?
True
Suppose -d + 2 = 0, s = -5*d - 0*d + 680. Suppose 16*k - 17*k + s = 0. Suppose -6*i = 4*i - k. Is i a composite number?
False
Suppose -22 = h + 5*f, -25 = -5*h + 10*f - 8*f. Suppose 1 = -0*r - h*r - d, d + 1 = -2*r. Suppose r*q = -2*q + 586. Is q prime?
True
Is -6 - ((-124 - 61004) + -7 + (0 - 0)) a prime number?
True
Let q = -133 + 133. Suppose 2*p = 3*r + 3066, q = -31*p + 33*p + 4*r - 3038. Is p a prime number?
False
Suppose 0 = -65*b + 52*b + 116285. Let x = -2938 + b. Is x a composite number?
False
Is (-24)/(4 + -1) + (-1002345)/(-19) a prime number?
True
Let b = 111863 - 59296. Is b a prime number?
True
Suppose 0 = 22*l - 42*l + 824140. Is l a composite number?
True
Is (-724666)/24*-3*1*(17 - 13) a prime number?
True
Suppose -9*c - 13787 = -8*c. Let p = c + 33888. Is p a composite number?
False
Let c = 674 - 328. Let k = c - 315. Is k composite?
False
Let c(f) = -4*f - 21. Let o be c(-5). Let h be -126 + (2 - -1) + o. Is h/(-2 + 0) + -3 prime?
True
Suppose -m = 2*m - 30. Suppose m*r = 6*r - 60. Let n(y) = y**2 + 11*y - 25. Is n(r) a composite number?
True
Is (6*((-20561868)/(-30))/6)/((-4)/(-10)) composite